 + 23. Let w(g) = 5*i(g) + 3*x(g). Is w(-4) a prime number?
False
Let g(m) = -m**3 + 6*m**2 + 7*m + 3. Let o be g(7). Let t(c) be the second derivative of 7*c**5/20 + c**4/4 - c**3/6 - 4*c. Is t(o) a composite number?
True
Suppose 118917 = 125*x - 116*x. Is x a composite number?
True
Is -1*(-1)/(-4) - (-2260)/16 prime?
False
Let u(p) = -674*p + 233. Is u(-22) a prime number?
True
Suppose 0 = 5*l - 36 - 434. Suppose 4*u + l = 2*o, 0*u + 5*o - 109 = 4*u. Let s = 192 - u. Is s prime?
False
Suppose -3*p = -4*g - 2 - 23, -10 = -5*g. Let u(i) = 58*i + 24. Is u(p) prime?
False
Is 3/(10/15*18/18884) a composite number?
False
Let d be (-8)/(1 + 1) - -443. Let u = -58 + d. Is u a prime number?
False
Suppose -4*f = -5*i - 4851, 2*f - 3*i = -1100 + 3523. Let b = f - -582. Is b a prime number?
True
Let i(d) = -d**3 - 6*d**2 + 2*d + 14. Let c be i(-6). Suppose -c*r + 1582 = -0*r. Is r a composite number?
True
Let o(b) = -241*b**3 + b + 3. Let f be o(-4). Suppose 4*s - 15421 = -s + 4*r, f = 5*s - 2*r. Is 2*(s/10 + 3) a prime number?
False
Suppose 38 = 5*l + 8. Suppose q = l*q. Suppose q*b = -b - 2*i + 54, b - 26 = 5*i. Is b prime?
False
Suppose -58038 = -18*m - 20580. Is m a composite number?
False
Suppose -91 = -13*f - 26. Is (-17150)/(-18) - (f + (-94)/18) a composite number?
False
Let g = 12 - 22. Is g/4*(-9036)/45 a composite number?
True
Suppose -3*v + 2*u = 10, -3*u = -5*v - 12 - 4. Let p(l) = -171*l - 5. Let s(n) = -85*n - 3. Let q(a) = -2*p(a) + 5*s(a). Is q(v) a composite number?
True
Let l = -50 - -53. Suppose 2558 + 673 = l*u. Is u a prime number?
False
Suppose 6 = c - 0*c. Suppose -11*k = -9*k - c. Suppose -k*y + y = -38. Is y composite?
False
Let m(c) = 2*c**3 + 27*c**2 - 13*c + 27. Is m(16) prime?
True
Suppose 4*t - 3*t = -5*z + 7231, 3*t - 21729 = 3*z. Suppose 3*v - 9410 - t = -5*x, -4*v + 8 = 0. Is x a prime number?
True
Let c(l) = 48 - 7 - l**3 + l**2 - 28. Let g be 0/1*(-2)/(-4). Is c(g) a prime number?
True
Let a be (-17)/2 + 2/4. Let w = 13 - a. Is w prime?
False
Let z(x) = 3*x**3 + 15*x**2 - 21*x - 3. Let c(u) = u**3 - u**2 + 1. Let h(l) = -2*c(l) + z(l). Let f be 4/(-26) + (-4120)/260. Is h(f) a prime number?
True
Let v(j) = j**3 + 17*j**2 + 14*j + 14. Let x(b) = -b**3 - 6*b**2 - 3*b + 5. Let z be x(-4). Is v(z) a composite number?
True
Let o = 632 - -1343. Suppose 5*y - m - 3988 = 0, -2*m = -5*y - o + 5966. Is y a prime number?
True
Let j(z) be the first derivative of 65*z**2/2 - 3*z - 8. Is j(2) composite?
False
Suppose -844 = -6*t + 8*t + 5*l, -4*l = t + 428. Let u = t + 1047. Is u composite?
True
Is 842877/14 + 14/4 prime?
True
Suppose 0 = 2*v + 3*v - 1980. Suppose 2*o + v = 5*o. Let q = o - 53. Is q composite?
False
Let g(r) = -140*r + 1. Let x be (-3)/(-2) + (-15)/(-10). Suppose -2*q - x = -w, -w + 0*q - q - 3 = 0. Is g(w) composite?
True
Suppose -3*x + 21 = 3. Suppose -f = f - x. Let y(u) = 237*u - 4. Is y(f) a prime number?
False
Let j(n) = -52*n**3 - n**2 + 4. Is j(-3) a prime number?
True
Let r(y) = 5*y**2 - 19*y - 6 + 52*y - 21*y. Is r(-5) a composite number?
False
Suppose -8*z + 3312 = 4*z. Suppose -1143 = -3*l - 4*u, l = -4*u + 113 + z. Is l a prime number?
False
Suppose 6*v - t = v, 5*t = 3*v. Suppose v = -18*o + 20*o - 5230. Is o a composite number?
True
Let z = 45 - 42. Suppose 2*l = z*l - 1709. Is l a prime number?
True
Suppose 5*i = u - 368, 7 = -4*u - 1. Let y = i - -111. Is y composite?
False
Let k = 3 + 0. Let w(p) = -6*p - 15*p + k + 0*p - 1. Is w(-7) a composite number?
False
Suppose -34*f = -51342 - 74900. Is f prime?
False
Suppose -21*o + 7*o = -2954. Is o prime?
True
Let d = -6 + 10. Suppose -a = -3*c - 994, -d*c + 2018 = 4*a - 2*a. Is a prime?
False
Let p = 5 - 3. Let f be (-4)/((-16)/292) + -2. Suppose f = 3*a + 5*t - 6, 3*t + 83 = p*a. Is a a composite number?
True
Suppose 0 = 2*s - 2*g - 24, 0 = -4*s - 3*g + 12 + 22. Suppose 0 = -5*f + s*f - 6065. Is f composite?
False
Is -359*(4 + 5)/(-3)*1 prime?
False
Let k = 252 - -1339. Is k composite?
True
Let b = 1101 + -444. Suppose -195 = -4*a + b. Is a composite?
True
Suppose -4*i + 7*p + 2780 = 4*p, 2*i - 2*p - 1388 = 0. Let n = i + -439. Is n a prime number?
False
Let n(b) = -b**2 - 21*b + 21. Is n(-11) prime?
True
Suppose 4*c + 12 = 0, 0 = -x - 2*c + 1992 + 1168. Is x composite?
True
Suppose 5*z - 10 = -o, -5*z = o - 5*o + 15. Is -7 + o/1 - -1923 composite?
True
Suppose -5*x - 5 - 4 = -3*y, x + 9 = -3*y. Is (-6 - y) + 206 + 7 prime?
False
Let p = 10 - 4. Let f(t) = t**3 + 2*t**2 - t. Let b be f(-2). Suppose -5*w + 591 = b*d, -3*w + p*d + 363 = 3*d. Is w a composite number?
True
Let b(i) = 2*i**3 - 13*i**2 + 8*i + 2. Let x = -6 + 15. Is b(x) a prime number?
True
Let y(a) = -a**3 - 5*a**2 - a - 3. Suppose 3*b + 9 = -6. Let j be y(b). Suppose -2*i = -5*l + 385, j*l - 5*i - 143 = -2*i. Is l a prime number?
True
Suppose -25*i = -35*i + 78130. Is i prime?
False
Let v be 3/6 + 7931/(-14). Let l = -315 - v. Is l prime?
True
Let l(x) = -x**3 + 2*x**2 + x - 1. Let f be l(1). Suppose -2*b = 3*p + 2, p = 2*b + 3 - f. Is 0 + 35 + p/3 prime?
False
Suppose 0*v = 5*v + 1325. Let i = v - -1010. Is i a composite number?
True
Let k(a) be the second derivative of -13*a + 2/3*a**4 - 1/3*a**3 + 0 + 1/2*a**2. Is k(9) composite?
False
Suppose -4*a + 4 = -2*a. Suppose 0 = 4*y + 42 - 54. Suppose 3*x + a*x + 4*f = 639, -3*f = y*x - 384. Is x prime?
True
Suppose -35 = 3*p - 10*p. Suppose 6*q = 3*u + 4*q - 567, 3*q = p*u - 946. Is u a prime number?
True
Suppose -5*m + 6 = l + 1, 2*l = -5*m. Suppose 4*c - 4198 = -5*s + 641, -2424 = -m*c + 2*s. Is c a prime number?
False
Let w = 408 - 249. Let h be 1*(-3 + 7 + w). Suppose h = d - 0*d. Is d prime?
True
Suppose 5*t = 3*y - 0*y - 45, -4*t - 4*y - 68 = 0. Is 1/((-8)/(-382)*(-3)/t) composite?
False
Suppose -3*g = -55*v + 60*v - 511814, -5*g - 4*v + 853019 = 0. Is g composite?
False
Let b be (-3)/21 + (-82)/14. Let i(x) = -13*x**3 + 5*x**2 - 9*x + 7. Is i(b) composite?
False
Let g(t) = -4*t**3 - 16*t**2 + 6*t - 5. Is g(-12) prime?
False
Let r(p) be the second derivative of -47*p**5/30 + p**4/8 + 2*p**3/3 + 5*p. Let t(m) be the second derivative of r(m). Is t(-2) composite?
False
Suppose 65858 = 5*q - 2*o, 3*o = q + o - 13178. Suppose 0 = -4*j + 3*k + 10547, 0*j + 5*j - k = q. Is j composite?
False
Let b be (-197 - -7)/((-8)/236). Suppose 15 = -5*s + 40, -b = -4*y + 3*s. Is y a prime number?
False
Let q(v) = 25*v**2 + 7*v - 125. Is q(8) composite?
False
Suppose 2*q - 3*q = 5*u - 14094, -2*u + 5642 = -4*q. Is u a prime number?
True
Suppose o + o - 6 = 0. Suppose -o*j + 16 + 2 = 0. Is 2*(-447)/j*-1 a prime number?
True
Let d = -48 - -135. Suppose -z + d = 351. Let m = z + 445. Is m a prime number?
True
Let v(q) be the second derivative of q**4/6 - 5*q**3/6 - 4*q**2 - 34*q. Suppose 0 = 4*p + x + 15 - 47, -4*p = -4*x - 12. Is v(p) a prime number?
False
Let y(w) = 27*w**3 + 2*w**2 + 5*w. Let l be y(4). Suppose -2*s - 3*s + 2665 = 3*p, l = 2*p + 5*s. Suppose o - 4*o + p = 0. Is o composite?
True
Let k(r) = -r**3 + 2*r**2 + 5*r**3 - r**3 + 16 - 4*r. Let c = 342 + -335. Is k(c) prime?
False
Let t(v) = 268*v**2 + 53*v - 12. Is t(5) a composite number?
True
Let o(y) = y**3 + y**2 - y + 1. Let a be o(0). Let t be 7 - 9 - (a - 5). Suppose 145 = 3*g - 2*g + t*i, -402 = -3*g + 5*i. Is g composite?
False
Suppose 0*h = -5*h - 2*q + 1908, -q - 1529 = -4*h. Suppose h - 1850 = -i. Suppose -6*l = -10*l + i. Is l composite?
False
Suppose 5*y = -2*w + 5501 - 1570, 0 = 3*y - 5*w - 2371. Is y composite?
False
Let a = 441 + -54. Let m = 2392 + a. Is m a composite number?
True
Let c = 15 - 15. Suppose 0 = 5*y + 2*a - 1585, 5*y + c*y - a - 1600 = 0. Is y composite?
True
Let j = 3379 - 1733. Is j a composite number?
True
Let h be 3*(-3 + (-68)/(-12)). Suppose 0 = 3*j - 3, -3*p + j + h = -0. Suppose 4*o - 8*o = -d + 165, -3*o = -p. Is d composite?
True
Suppose 5 = 2*x - p, -2*x - 2*x - 20 = 4*p. Suppose l + x*l = 4. Let q(r) = 3*r**2 - 2*r + 6. Is q(l) a prime number?
False
Let u(n) = -n**3 + 6*n**2 + n - 5. Let i be u(6). Let b(s) = s**2 - s + 1. Let w be b(i). Is (-1 - w)*39/(-3) a prime number?
False
Suppose 3*d - 3*l - 94321 = l, 1 = -l. Is d a prime number?
False
Suppose -3*j = -6*j - 54. Is 9884/6*j/(-12) composite?
True
Let u = 287 - 85. Suppose 7*p - u = 1555. Is 